{"id":4517,"date":"2019-09-27T14:20:19","date_gmt":"2019-09-27T12:20:19","guid":{"rendered":"http:\/\/www.cantabriarallye.net\/newcantabriarallye\/?page_id=4517"},"modified":"2019-11-18T22:00:56","modified_gmt":"2019-11-18T20:00:56","slug":"presentacion-rallye-blendio-santander-cantabria","status":"publish","type":"page","link":"https:\/\/www.cantabriarallye.net\/newcantabriarallye\/presentacion-rallye-blendio-santander-cantabria\/","title":{"rendered":"Presentacion Rallye Blendio Santander Cantabria"},"content":{"rendered":"<p>La Sala Griega del Palacio de Festivales ha sido el lugar escogido por la A.D. Pe\u00f1ucas para realizar la presentaci\u00f3n de la <b>\u00faltima edici\u00f3n<\/b> de la m\u00edtica prueba c\u00e1ntabra que este a\u00f1o cumple su 40 edici\u00f3n, siendo las 30 \u00faltimas puntuable para la m\u00e1xima categor\u00eda del automovilismo espa\u00f1ol.<br \/>\nEn el acto de presentaci\u00f3n estuvieron representantes del gobierno de Cantabria, Ayuntamiento de Santander, patrocinadores, as\u00ed como representaci\u00f3n de la federaci\u00f3n nacional y c\u00e1ntabra de automovilismo, siendo tambi\u00e9n muchos los aficionados que no quisieron perderse el primer acto de esta cita .<br \/>\nEn las diferentes intervenciones realizadas durante el acto, todos destacaron la importante historia de la prueba y la dedicaci\u00f3n que De la Pe\u00f1a y su equipo de trabajo han dedicado todos estos a\u00f1os a un evento que ha sido un referencia para todos.<\/p>\n<table align=\"center\" border=\"0\">\n<tbody>\n<tr>\n<td>\n<div align=\"center\"><img decoding=\"async\" src=\"https:\/\/www.cantabriarallye.net\/newcantabriarallye\/wp-content\/uploads\/2019\/pruebasnacional\/santander\/portada.jpg\" border=\"0\"><\/div>\n<\/td>\n<\/tr>\n<tr>\n<td>\n<div align=\"center\"><span style=\"font-family: Verdana, Arial, Helvetica, sans-serif;\">FOTO:Prensa<\/span><\/div>\n<\/td>\n<\/tr>\n<\/tbody>\n<\/table>\n<p><!--more--><\/p>\n<p>Para esta 40 edici\u00f3n, Fidel de la Pe\u00f1a y su equipo han dise\u00f1ado un recorrido en base a cuatro especiales que se realizar\u00e1n en dos ocasiones cada una, totalizando algo m\u00e1s de 156 kil\u00f3metros cronometrados.<\/p>\n<p>Las especiales de Los Llanos-Bustablado (20,23 km) y Arredondo-Las Machorras (24,03 km) se realizar\u00e1n en horario matinal en dos ocasiones, para despu\u00e9s de un reagrupamiento al mediod\u00eda en Santander, afrontar otras dos pasadas a las especiales de Villanueva-Gama (20.36 km) y G\u00fcemes (13,43 km),<\/p>\n<p>Antes del d\u00eda grande que ser\u00e1 cuando se disputen las especiales, los equipos participantes realizar\u00e1n los reconocimientos de las especiales durante el mi\u00e9rcoles y jueves (9 y 10 de octubre), siendo las verificaciones de los equipos en jueves por la tarde en el Palacio de Deportes de Santander.<\/p>\n<p>El viernes (11 de octubre) se celebrar\u00e1 en Shakedown en la especial de Hermosa entre las 9 de la ma\u00f1ana y las 11:45, realiz\u00e1ndose tambi\u00e9n el Tramo de Calificaci\u00f3n que permitir\u00e1 escoger el orden de salida a los pilotos prioritarios. Por la tarde se realizar\u00e1 la tradicional Ceremonia de salida desde el podio instalado en la Plaza Alfonso XIII a las ocho de la tarde.<\/p>\n<!-- AddThis Advanced Settings generic via filter on the_content --><!-- AddThis Share Buttons generic via filter on the_content -->","protected":false},"excerpt":{"rendered":"<p>La Sala Griega del Palacio de Festivales ha sido el lugar escogido por la A.D. Pe\u00f1ucas para realizar la presentaci\u00f3n de la \u00faltima edici\u00f3n de la m\u00edtica prueba c\u00e1ntabra que este a\u00f1o cumple su 40 edici\u00f3n, siendo las 30 \u00faltimas puntuable para la m\u00e1xima categor\u00eda del automovilismo espa\u00f1ol. En el acto de presentaci\u00f3n estuvieron representantes [&hellip;]<!-- AddThis Advanced Settings generic via filter on wp_trim_excerpt --><!-- AddThis Share Buttons generic via filter on wp_trim_excerpt --><\/p>\n","protected":false},"author":2,"featured_media":0,"parent":0,"menu_order":0,"comment_status":"closed","ping_status":"closed","template":"","meta":{"_exactmetrics_skip_tracking":false,"_exactmetrics_sitenote_active":false,"_exactmetrics_sitenote_note":"","_exactmetrics_sitenote_category":0,"footnotes":""},"class_list":["post-4517","page","type-page","status-publish","hentry"],"_links":{"self":[{"href":"https:\/\/www.cantabriarallye.net\/newcantabriarallye\/wp-json\/wp\/v2\/pages\/4517","targetHints":{"allow":["GET"]}}],"collection":[{"href":"https:\/\/www.cantabriarallye.net\/newcantabriarallye\/wp-json\/wp\/v2\/pages"}],"about":[{"href":"https:\/\/www.cantabriarallye.net\/newcantabriarallye\/wp-json\/wp\/v2\/types\/page"}],"author":[{"embeddable":true,"href":"https:\/\/www.cantabriarallye.net\/newcantabriarallye\/wp-json\/wp\/v2\/users\/2"}],"replies":[{"embeddable":true,"href":"https:\/\/www.cantabriarallye.net\/newcantabriarallye\/wp-json\/wp\/v2\/comments?post=4517"}],"version-history":[{"count":1,"href":"https:\/\/www.cantabriarallye.net\/newcantabriarallye\/wp-json\/wp\/v2\/pages\/4517\/revisions"}],"predecessor-version":[{"id":4518,"href":"https:\/\/www.cantabriarallye.net\/newcantabriarallye\/wp-json\/wp\/v2\/pages\/4517\/revisions\/4518"}],"wp:attachment":[{"href":"https:\/\/www.cantabriarallye.net\/newcantabriarallye\/wp-json\/wp\/v2\/media?parent=4517"}],"curies":[{"name":"wp","href":"https:\/\/api.w.org\/{rel}","templated":true}]}}